 29, 139
What are the prime factors of 15728?
2, 983
What are the prime factors of 54249?
3, 13, 107
What are the prime factors of 68403?
3, 151
What are the prime factors of 103?
103
List the prime factors of 10373.
11, 23, 41
List the prime factors of 2329.
17, 137
List the prime factors of 8559.
3, 317
List the prime factors of 3384.
2, 3, 47
What are the prime factors of 25157?
11, 2287
What are the prime factors of 137146?
2, 47, 1459
List the prime factors of 60431.
7, 89, 97
What are the prime factors of 1586?
2, 13, 61
List the prime factors of 1116.
2, 3, 31
List the prime factors of 181.
181
List the prime factors of 1200.
2, 3, 5
List the prime factors of 1389.
3, 463
List the prime factors of 1469.
13, 113
List the prime factors of 887.
887
List the prime factors of 456.
2, 3, 19
List the prime factors of 179.
179
What are the prime factors of 205082?
2, 41, 61
What are the prime factors of 861?
3, 7, 41
List the prime factors of 85592.
2, 13, 823
What are the prime factors of 181781?
17, 37
What are the prime factors of 11994?
2, 3, 1999
List the prime factors of 54342.
2, 3, 3019
List the prime factors of 9234.
2, 3, 19
What are the prime factors of 437?
19, 23
List the prime factors of 652.
2, 163
List the prime factors of 72.
2, 3
List the prime factors of 9076.
2, 2269
List the prime factors of 12447.
3, 461
List the prime factors of 2268.
2, 3, 7
What are the prime factors of 6109?
41, 149
What are the prime factors of 18?
2, 3
List the prime factors of 6317.
6317
What are the prime factors of 18804?
2, 3, 1567
List the prime factors of 5647.
5647
List the prime factors of 611.
13, 47
List the prime factors of 2596.
2, 11, 59
List the prime factors of 27004.
2, 43, 157
List the prime factors of 11328.
2, 3, 59
What are the prime factors of 13388?
2, 3347
What are the prime factors of 13647?
3, 4549
What are the prime factors of 1690?
2, 5, 13
What are the prime factors of 11143?
11, 1013
What are the prime factors of 180?
2, 3, 5
List the prime factors of 35217.
3, 7, 13, 43
List the prime factors of 368.
2, 23
What are the prime factors of 807?
3, 269
List the prime factors of 5182.
2, 2591
What are the prime factors of 73938?
2, 3, 12323
What are the prime factors of 196?
2, 7
List the prime factors of 1052.
2, 263
List the prime factors of 2519.
11, 229
List the prime factors of 9506.
2, 7, 97
List the prime factors of 18289.
18289
What are the prime factors of 11076?
2, 3, 13, 71
What are the prime factors of 74731?
74731
What are the prime factors of 1438?
2, 719
List the prime factors of 9622.
2, 17, 283
What are the prime factors of 59103?
3, 11, 199
List the prime factors of 1993.
1993
What are the prime factors of 862?
2, 431
What are the prime factors of 185846?
2, 43, 2161
List the prime factors of 104065.
5, 13, 1601
What are the prime factors of 6892?
2, 1723
What are the prime factors of 3818?
2, 23, 83
List the prime factors of 17990.
2, 5, 7, 257
List the prime factors of 1645.
5, 7, 47
What are the prime factors of 10393?
19, 547
List the prime factors of 9734.
2, 31, 157
List the prime factors of 18.
2, 3
What are the prime factors of 10884?
2, 3, 907
List the prime factors of 9289.
7, 1327
List the prime factors of 2978.
2, 1489
List the prime factors of 57465.
3, 5, 1277
What are the prime factors of 1810?
2, 5, 181
What are the prime factors of 2922?
2, 3, 487
What are the prime factors of 1802?
2, 17, 53
What are the prime factors of 125875?
5, 19, 53
What are the prime factors of 5320?
2, 5, 7, 19
What are the prime factors of 73346?
2, 7, 13, 31
List the prime factors of 6409.
13, 17, 29
What are the prime factors of 32496?
2, 3, 677
What are the prime factors of 39604?
2, 9901
What are the prime factors of 12772?
2, 31, 103
What are the prime factors of 3090?
2, 3, 5, 103
What are the prime factors of 1879?
1879
List the prime factors of 62778.
2, 3, 10463
List the prime factors of 93.
3, 31
What are the prime factors of 29613?
3, 9871
List the prime factors of 3859.
17, 227
List the prime factors of 1153.
1153
List the prime factors of 1112.
2, 139
What are the prime factors of 3452?
2, 863
What are the prime factors of 593?
593
What are the prime factors of 17099?
17099
List the prime factors of 22328.
2, 2791
List the prime factors of 294.
2, 3, 7
List the prime factors of 43892.
2, 10973
What are the prime factors of 8696?
2, 1087
What are the prime factors of 2633?
2633
What are the prime factors of 148?
2, 37
List the prime factors of 5019.
3, 7, 239
List the prime factors of 301.
7, 43
What are the prime factors of 100551?
3, 11, 277
What are the prime factors of 1122?
2, 3, 11, 17
What are the prime factors of 34457?
34457
What are the prime factors of 12662?
2, 13, 487
What are the prime factors of 2142?
2, 3, 7, 17
What are the prime factors of 1988?
2, 7, 71
What are the prime factors of 18024?
2, 3, 751
What are the prime factors of 391?
17, 23
List the prime factors of 3232.
2, 101
What are the prime factors of 1142?
2, 571
List the prime factors of 23986.
2, 67, 179
What are the prime factors of 2330?
2, 5, 233
What are the prime factors of 46?
2, 23
List the prime factors of 30526.
2, 15263
List the prime factors of 3813.
3, 31, 41
What are the prime factors of 24434?
2, 19, 643
What are the prime factors of 2835?
3, 5, 7
What are the prime factors of 599?
599
List the prime factors of 726.
2, 3, 11
List the prime factors of 31609.
73, 433
What are the prime factors of 5760?
2, 3, 5
What are the prime factors of 3170?
2, 5, 317
List the prime factors of 1904.
2, 7, 17
List the prime factors of 927.
3, 103
What are the prime factors of 18497?
53, 349
What are the prime factors of 1001?
7, 11, 13
What are the prime factors of 41335?
5, 7, 1181
List the prime factors of 2110.
2, 5, 211
List the prime factors of 564.
2, 3, 47
List the prime factors of 65303.
7, 19, 491
List the prime factors of 1500.
2, 3, 5
List the prime factors of 6363.
3, 7, 101
What are the prime factors of 28395?
3, 5, 631
What are the prime factors of 21241?
11, 1931
What are the prime factors of 2534?
2, 7, 181
List the prime factors of 5661.
3, 17, 37
What are the prime factors of 7499?
7499
List the prime factors of 22719.
3, 7573
List the prime factors of 1890.
2, 3, 5, 7
What are the prime factors of 5069?
37, 137
List the prime factors of 25506.
2, 3, 13, 109
What are the prime factors of 16522?
2, 11, 751
List the prime factors of 51787.
51787
List the prime factors of 9846.
2, 3, 547
List the prime factors of 58342.
2, 31, 941
What are the prime factors of 5238?
2, 3, 97
List the prime factors of 13768.
2, 1721
What are the prime factors of 1209?
3, 13, 31
List the prime factors of 144.
2, 3
What are the prime factors of 36986?
2, 18493
What are the prime factors of 123740?
2, 5, 23, 269
List the prime factors of 17969.
7, 17, 151
What are the prime factors of 928?
2, 29
List the prime factors of 10036.
2, 13, 193
What are the prime factors of 1172?
2, 293
What are the prime factors of 10521?
3, 7, 167
List the prime factors of 1119.
3, 373
List the prime factors of 13766.
2, 6883
What are the prime factors of 1408?
2, 11
List the prime factors of 3983.
7, 569
What are the prime factors of 27455?
5, 17, 19
What are the prime factors of 2994?
2, 3, 499
What are the prime factors of 1022?
2, 7, 73
What are the prime factors of 80683?
80683
List the prime factors of 14149.
14149
List the prime factors of 36752.
2, 2297
What are the prime factors of 19157?
19157
List the prime factors of 78469.
131, 599
What are the prime factors of 699?
3, 233
What are the prime factors of 4240?
2, 5, 53
List the prime factors of 18032.
2, 7, 23
What are the prime factors of 4337?
4337
What are the prime factors of 1731?
3, 577
List the prime factors of 688.
2, 43
What are the prime factors of 72383?
72383
List the prime factors of 32998.
2, 7, 2357
What are the prime factors of 8484?
2, 3, 7, 101
List the prime factors of 1118.
2, 13, 43
List the prime factors of 6499.
67, 97
What are the prime factors of 1825?
5, 73
List the prime factors of 18779.
89, 211
What are the prime factors of 161?
7, 23
List the prime factors of 547.
547
What are the prime factors of 4314?
2, 3, 719
What are the prime factors of 10995?
3, 5, 733